igit of g?
1
Let l = 2554 - 1684. Let m = l + -134. Suppose 0 = -6*c - 124 + m. What is the hundreds digit of c?
1
Let d(i) = 11*i**2 + 46*i - 6. Let q be d(-8). Let p = -120 + q. What is the hundreds digit of p?
2
Let q = -166 - -105. Let h = 458 + q. What is the units digit of h?
7
Let z(p) = 50*p - 286. Let t(i) = 24*i - 143. Let o(v) = 7*t(v) - 3*z(v). What is the tens digit of o(42)?
1
Let b be (0/(-3))/(10/(-2)). Suppose b = 8*f - 1800 - 6144. Suppose -272 = -5*c + f. What is the hundreds digit of c?
2
Let g be (18 + 0)*(-14)/(-42) - 2. Suppose -g*o + 6*o + 4*u = 938, -u + 1911 = 4*o. What is the units digit of o?
9
Let m(q) = -q + 10. Let w be m(7). Suppose -w*i - 167 - 355 = 0. Let a = 277 + i. What is the units digit of a?
3
Suppose 0 = -l - 40*l + 1147420 + 558918. What is the units digit of l?
8
Let z be 8*(0 - 4/4). Let b be (-2730)/40 + (-2)/z. What is the tens digit of (b/(-51))/(1/36)?
4
Suppose -4*s - 3*o + 9 = 3, 10 = 5*s + 5*o. Suppose s = -0*n - 9*n + 1836. What is the units digit of n?
4
Let w(y) = 8*y**2 + 4*y + 2. Suppose 2*u = -7*r + 6*r + 6, -4*u = r - 16. What is the hundreds digit of w(r)?
1
Let p(o) = -37*o + 160. Let x = -252 + 246. What is the units digit of p(x)?
2
Let m = -7777 + 14822. What is the units digit of m?
5
Let w be (-516)/(-21) + -6 + 3/7. Suppose w - 23 = -2*z. What is the units digit of z?
2
Let b = -114 + 101. Let h = b - -105. What is the tens digit of h?
9
Let l(p) = -2*p - 4. Let d be l(1). Let x(y) = -63*y - 13. What is the hundreds digit of x(d)?
3
Let q be ((-4)/(-6))/(0 - 10/(-15)). Suppose -3*j = -1 + q. Suppose j = i - 46 - 15. What is the units digit of i?
1
Suppose 12205*i - 29440 = 12195*i. What is the thousands digit of i?
2
Let c = 13942 - 6224. What is the units digit of c?
8
Let w be ((-174)/6 - -4)*3. What is the hundreds digit of (-53865)/w - (1/1)/5?
7
Suppose 250*i = 257*i - 33110. Suppose 5*k + 4*f - 7886 = 0, -4*f + i = -12*k + 15*k. What is the thousands digit of k?
1
Suppose -3*i + 3758 + 2875 = q, -19927 = -3*q - 2*i. What is the hundreds digit of q?
6
Suppose -50 = -4*s + 38. Let m be (-8)/(-3 + 1)*(23 - s). Suppose -5*u + t + 478 = 0, 0 = -5*u + m*t + t + 490. What is the units digit of u?
5
Let r(n) = 5*n**2 - 29*n - 623. What is the units digit of r(-42)?
5
Let d = -100 - -157. Let p = 1219 + -1213. Suppose 123 = p*m - d. What is the units digit of m?
0
Suppose -2*r + 4*r = 424. Let g = -853 + 1051. Suppose 5*t = r + g. What is the units digit of t?
2
Let z = -8152 + 14592. What is the thousands digit of z?
6
Let h(v) = -533*v + 3978. What is the thousands digit of h(-58)?
4
Let m = 10089 - 8395. What is the units digit of m?
4
Suppose 4461*y = 4453*y + 196104. What is the units digit of y?
3
What is the tens digit of (1 - -1)/(1/(9054/36))?
0
Suppose 5*f = -4*j + 1777, 3*f + j - 293 = 769. Suppose 2*y - f = 961. What is the tens digit of y?
5
Suppose -5*f - 27*b + 26*b - 196 = 0, 3*f - b = -116. Let k = -47 - -85. Let n = k - f. What is the units digit of n?
7
Let i be (-42)/(3 - -3) - -477. Let t = i - 460. What is the tens digit of t?
1
Suppose -h - 165 = 4*v, -10*v = -5*v + 20. Let p = -47 - h. What is the tens digit of p?
0
Let l be (-1 + 63)*((-14)/(-4) + -4). Let k = l + 33. Suppose k*m = -6, -m + 3*m = 2*c - 80. What is the units digit of c?
7
Suppose 14*c = 6126 + 67764 - 1468. What is the units digit of c?
3
What is the units digit of -2 + 16 - (-5 + -2976)?
5
Suppose -6*l + 10179 = 7*l. Let a = l - 343. What is the tens digit of a?
4
Let g(r) = -r - 12. Suppose 3*t + 56 = -t + 2*j, 5*t - 2*j = -70. Let s be g(t). What is the units digit of s/(-5) - (-16302)/55?
6
Let p(u) = 416*u**2 - 11*u - 26. Let l be p(-2). Let y = l + -687. What is the units digit of y?
3
Let l be (-5)/(-15) - 25/3. Let j be -1 + 0 - 3 - l. Suppose 4*u = -k + 3*k + 70, j*k + 35 = u. What is the units digit of u?
5
What is the tens digit of 21/(-7) + 10 + -9 - -9154?
5
Let w be 4/3 - 2332/(-33). Suppose -71*p = -w*p + 782. What is the hundreds digit of p?
7
Let t(b) = 7*b - 3. Let k(u) = -2*u + 18. Let o(h) = -4*h + 36. Let p(m) = -5*k(m) + 2*o(m). Let a be p(11). What is the units digit of t(a)?
5
What is the ten thousands digit of 0 + (-1)/1 - (-29822 - -374)?
2
Suppose 0 = -3*t - t - 2*j + 28, 3*t - 11 = j. Suppose 3*x - d = x + 10, t*x = 4*d + 31. Let u(r) = r**3 - r + 2. What is the units digit of u(x)?
6
What is the hundreds digit of 7 + (-582)/4*(-1056)/72?
1
Suppose -n = -1030 - 1038. Let v = -576 + n. What is the hundreds digit of v?
4
Let s = 82790 + -25766. What is the units digit of s?
4
Suppose 4*z - 51 = 4*i + 21, 2*z - i = 36. Let j = -16 + z. Suppose 0 = -j*c - 4*c + 108. What is the units digit of c?
8
Let n(r) = 98*r**3 - 34*r**2 + 108*r - 26. What is the ten thousands digit of n(6)?
2
Suppose 12*t = 19*t - 21. What is the hundreds digit of ((-14)/35)/(t/(-5685))?
7
Let f = 169 - 73. Suppose 37*t - 681 = -422. Suppose f + t = u. What is the hundreds digit of u?
1
Let u(f) = f**3 - 27*f**2 + 27*f - 96. Let y(m) = 3*m + 15. Let v be y(4). What is the hundreds digit of u(v)?
6
Let i(c) = c**3 + 2*c**2 - c + 2. Let r be i(0). Suppose 4*l = s + 274, -r*l - 706 = -4*s - 1816. Let a = -159 - s. What is the hundreds digit of a?
1
What is the ten thousands digit of (-15)/(-10)*(-1058784)/(-144)?
1
Let c(u) = -2*u**2 + 47*u + 3. Suppose 4*t = 234 + 282. Suppose t = 5*b + 24. What is the tens digit of c(b)?
0
Let k = 10455 - 322. What is the units digit of k?
3
Suppose 3*p = 79 - 133. What is the tens digit of 5/(-30) + (-6735)/p?
7
Let d be 3/(-6)*(20 - 8). Let l be 202/(-5)*(1 + d). Suppose -5*p = -3*k + l, 4*k - 103 = 2*k - 3*p. What is the units digit of k?
9
Let p(g) be the first derivative of -11*g**3/6 - 7*g**2 - 24*g + 4. Let v(t) be the first derivative of p(t). What is the hundreds digit of v(-15)?
1
Let m(u) = 224*u**2 - 4*u + 47. What is the units digit of m(6)?
7
Let j be (-2)/5 + (-60)/(-25). Let t be 84/(-15)*(-105)/j. Let b = t + -107. What is the units digit of b?
7
Let y be 48/22 + (140/(-77))/10. Suppose 4*n - 1360 = 5*a, 1360 = 4*n + y*a - 6*a. What is the hundreds digit of n?
3
Let b(t) = 35*t**2 + 789*t + 141. What is the units digit of b(-56)?
7
Let b = 5 - 7. Let o(c) be the second derivative of -31*c**5/20 - c**3/2 - c**2 - 2*c + 139. What is the hundreds digit of o(b)?
2
Let b be (-572)/(1 + -3) - -2. Suppose -2*r - 129 = 11*c - 12*c, 4*r + c + 249 = 0. Let j = r + b. What is the tens digit of j?
2
Suppose -126*z = -74*z - 251108. What is the hundreds digit of z?
8
Let i(a) = 618*a + 8898. What is the units digit of i(-5)?
8
Suppose 74*q + 22*q = 365376. What is the units digit of q?
6
Suppose -16 = -4*h, -2*m - h - 2 + 0 = 0. What is the tens digit of (2328/(-56) - m)/((-6)/28)?
8
Let i be (-1 - (2 + 317))/(-1). Suppose 7*o + o + i = 0. What is the units digit of (o/4)/((-3)/12)?
0
Let b(a) = -27*a - 46. Let o be b(17). Let d = o - -1109. What is the hundreds digit of d?
6
Suppose -3*g - 10 + 64 = 0. Let q = g + -16. Suppose 57 - 209 = -q*w. What is the tens digit of w?
7
Let o(j) = j**2 - 6*j - 743. Let k be o(-25). Let a(d) = -d - 2. Let t be a(-4). Suppose t*y + k = 6*y. What is the units digit of y?
8
Let a be (-705)/1880 + 2649/(-16)*10. Let f = a + 2402. What is the units digit of f?
6
Let u = -44278 - -21922. What is the hundreds digit of u/(-115) + (-4)/10?
1
Let y(s) = 0 - 179*s + 10 - 1 - 6 - 40. What is the units digit of y(-1)?
2
Let y(l) = -2*l**3 - 109*l**2 - 2178*l - 12. What is the units digit of y(-28)?
0
Let r(m) = -4*m - 157. Let b be r(0). Let x = -55 - b. Let c = -48 + x. What is the units digit of c?
4
Let m(l) = 243*l + 5. Let h be m(3). What is the tens digit of (9 - 4) + (-1)/((-1)/h)?
3
Let m(u) be the third derivative of 19*u**5/60 + u**4/2 + 13*u**3/3 + 73*u**2 - 2. What is the units digit of m(-6)?
8
Let g be 1846/8 + (-60)/(-48). Let r = g + -132. What is the hundreds digit of r?
1
Let s be 774/(-5) + 54/(-45). Let f = s + 398. What is the units digit of f?
2
Suppose 0 = 6*n + 3*p - 42120, -2*p + 14040 = 2*n + p. What is the hundreds digit of n?
0
Let l(y) = -2*y**2 - 22*y + 28. Let n be l(-13). Suppose 0 = 4*z + 4*k + 284, -2*z + 285 = -6*z - 3*k. Let v = n - z. What is the tens digit of v?
4
Let b(y) be the third deriv